{"id":2722,"date":"2018-03-17T18:53:11","date_gmt":"2018-03-17T17:53:11","guid":{"rendered":"https:\/\/www.golden-bettinakrist.de\/cms\/?page_id=2722"},"modified":"2020-07-24T10:49:34","modified_gmt":"2020-07-24T08:49:34","slug":"das-sind-wir","status":"publish","type":"page","link":"https:\/\/www.golden-bettinakrist.de\/cms\/das-sind-wir\/","title":{"rendered":"Das sind wir"},"content":{"rendered":"<div id='full_slider_1'  class='avia-fullwidth-slider main_color avia-shadow   avia-builder-el-0  el_before_av_hr  avia-builder-el-first   container_wrap sidebar_right'  ><div  class='avia-slideshow av-d1gzqq-13a36086fbe2047589713e5b566ee9c7 avia-slideshow-no scaling av_slideshow_full avia-fade-slider av-slideshow-ui av-control-default av-slideshow-autoplay av-loop-endless av-loop-manual-endless av-default-height-applied   avia-slideshow-1' data-slideshow-options=\"{&quot;animation&quot;:&quot;fade&quot;,&quot;autoplay&quot;:true,&quot;loop_autoplay&quot;:&quot;endless&quot;,&quot;interval&quot;:3,&quot;loop_manual&quot;:&quot;manual-endless&quot;,&quot;autoplay_stopper&quot;:false,&quot;noNavigation&quot;:false,&quot;bg_slider&quot;:false,&quot;keep_padding&quot;:false,&quot;hoverpause&quot;:false,&quot;show_slide_delay&quot;:0}\"  itemprop=\"image\" itemscope=\"itemscope\" itemtype=\"https:\/\/schema.org\/ImageObject\" ><ul class='avia-slideshow-inner ' style='padding-bottom: 50%;'><li  class='avia-slideshow-slide av-d1gzqq-13a36086fbe2047589713e5b566ee9c7__0  slide-1 slide-odd'><div data-rel='slideshow-1' class='avia-slide-wrap '   ><img decoding=\"async\" fetchpriority=\"high\" class=\"wp-image-3229 avia-img-lazy-loading-not-3229\"  src=\"https:\/\/www.golden-bettinakrist.de\/cms\/wp-content\/uploads\/2018\/07\/slide1.jpg\" width=\"1920\" height=\"960\" title='slide1' alt=''  itemprop=\"thumbnailUrl\" srcset=\"https:\/\/www.golden-bettinakrist.de\/cms\/wp-content\/uploads\/2018\/07\/slide1.jpg 1920w, https:\/\/www.golden-bettinakrist.de\/cms\/wp-content\/uploads\/2018\/07\/slide1-300x150.jpg 300w, https:\/\/www.golden-bettinakrist.de\/cms\/wp-content\/uploads\/2018\/07\/slide1-768x384.jpg 768w, https:\/\/www.golden-bettinakrist.de\/cms\/wp-content\/uploads\/2018\/07\/slide1-1030x515.jpg 1030w, https:\/\/www.golden-bettinakrist.de\/cms\/wp-content\/uploads\/2018\/07\/slide1-1500x750.jpg 1500w, https:\/\/www.golden-bettinakrist.de\/cms\/wp-content\/uploads\/2018\/07\/slide1-705x353.jpg 705w, https:\/\/www.golden-bettinakrist.de\/cms\/wp-content\/uploads\/2018\/07\/slide1-450x225.jpg 450w\" sizes=\"(max-width: 1920px) 100vw, 1920px\" \/><\/div><\/li><li  class='avia-slideshow-slide av-d1gzqq-13a36086fbe2047589713e5b566ee9c7__1  slide-2 slide-even'><div data-rel='slideshow-1' class='avia-slide-wrap '   ><img decoding=\"async\" fetchpriority=\"high\" class=\"wp-image-3230 avia-img-lazy-loading-not-3230\"  src=\"https:\/\/www.golden-bettinakrist.de\/cms\/wp-content\/uploads\/2018\/07\/slide2.jpg\" width=\"1920\" height=\"960\" title='slide2' alt=''  itemprop=\"thumbnailUrl\" srcset=\"https:\/\/www.golden-bettinakrist.de\/cms\/wp-content\/uploads\/2018\/07\/slide2.jpg 1920w, https:\/\/www.golden-bettinakrist.de\/cms\/wp-content\/uploads\/2018\/07\/slide2-300x150.jpg 300w, https:\/\/www.golden-bettinakrist.de\/cms\/wp-content\/uploads\/2018\/07\/slide2-768x384.jpg 768w, https:\/\/www.golden-bettinakrist.de\/cms\/wp-content\/uploads\/2018\/07\/slide2-1030x515.jpg 1030w, https:\/\/www.golden-bettinakrist.de\/cms\/wp-content\/uploads\/2018\/07\/slide2-1500x750.jpg 1500w, https:\/\/www.golden-bettinakrist.de\/cms\/wp-content\/uploads\/2018\/07\/slide2-705x353.jpg 705w, https:\/\/www.golden-bettinakrist.de\/cms\/wp-content\/uploads\/2018\/07\/slide2-450x225.jpg 450w\" sizes=\"(max-width: 1920px) 100vw, 1920px\" \/><\/div><\/li><li  class='avia-slideshow-slide av-d1gzqq-13a36086fbe2047589713e5b566ee9c7__2  slide-3 slide-odd'><div data-rel='slideshow-1' class='avia-slide-wrap '   ><img decoding=\"async\" fetchpriority=\"high\" class=\"wp-image-3231 avia-img-lazy-loading-not-3231\"  src=\"https:\/\/www.golden-bettinakrist.de\/cms\/wp-content\/uploads\/2018\/07\/slide3.jpg\" width=\"1920\" height=\"960\" title='slide3' alt=''  itemprop=\"thumbnailUrl\" srcset=\"https:\/\/www.golden-bettinakrist.de\/cms\/wp-content\/uploads\/2018\/07\/slide3.jpg 1920w, https:\/\/www.golden-bettinakrist.de\/cms\/wp-content\/uploads\/2018\/07\/slide3-300x150.jpg 300w, https:\/\/www.golden-bettinakrist.de\/cms\/wp-content\/uploads\/2018\/07\/slide3-768x384.jpg 768w, https:\/\/www.golden-bettinakrist.de\/cms\/wp-content\/uploads\/2018\/07\/slide3-1030x515.jpg 1030w, https:\/\/www.golden-bettinakrist.de\/cms\/wp-content\/uploads\/2018\/07\/slide3-1500x750.jpg 1500w, https:\/\/www.golden-bettinakrist.de\/cms\/wp-content\/uploads\/2018\/07\/slide3-705x353.jpg 705w, https:\/\/www.golden-bettinakrist.de\/cms\/wp-content\/uploads\/2018\/07\/slide3-450x225.jpg 450w\" sizes=\"(max-width: 1920px) 100vw, 1920px\" \/><\/div><\/li><\/ul><div class='avia-slideshow-arrows avia-slideshow-controls' ><a href='#prev' class='prev-slide  avia-svg-icon avia-font-svg_entypo-fontello' data-av_svg_icon='left-open-big' data-av_iconset='svg_entypo-fontello' tabindex='-1' title=\"Zur\u00fcck\"><svg version=\"1.1\" xmlns=\"http:\/\/www.w3.org\/2000\/svg\" width=\"15\" height=\"32\" viewBox=\"0 0 15 32\" preserveAspectRatio=\"xMidYMid meet\" aria-labelledby='av-svg-title-1' aria-describedby='av-svg-desc-1' role=\"graphics-symbol\" aria-hidden=\"true\">\n<title id='av-svg-title-1'>Zur\u00fcck<\/title>\n<desc id='av-svg-desc-1'>Zur\u00fcck<\/desc>\n<path d=\"M14.464 27.84q0.832 0.832 0 1.536-0.832 0.832-1.536 0l-12.544-12.608q-0.768-0.768 0-1.6l12.544-12.608q0.704-0.832 1.536 0 0.832 0.704 0 1.536l-11.456 11.904z\"><\/path>\n<\/svg><span class='avia_hidden_link_text'>Zur\u00fcck<\/span><\/a><a href='#next' class='next-slide  avia-svg-icon avia-font-svg_entypo-fontello' data-av_svg_icon='right-open-big' data-av_iconset='svg_entypo-fontello' tabindex='-1' title=\"Weiter\"><svg version=\"1.1\" xmlns=\"http:\/\/www.w3.org\/2000\/svg\" width=\"15\" height=\"32\" viewBox=\"0 0 15 32\" preserveAspectRatio=\"xMidYMid meet\" aria-labelledby='av-svg-title-2' aria-describedby='av-svg-desc-2' role=\"graphics-symbol\" aria-hidden=\"true\">\n<title id='av-svg-title-2'>Weiter<\/title>\n<desc id='av-svg-desc-2'>Weiter<\/desc>\n<path d=\"M0.416 27.84l11.456-11.84-11.456-11.904q-0.832-0.832 0-1.536 0.832-0.832 1.536 0l12.544 12.608q0.768 0.832 0 1.6l-12.544 12.608q-0.704 0.832-1.536 0-0.832-0.704 0-1.536z\"><\/path>\n<\/svg><span class='avia_hidden_link_text'>Weiter<\/span><\/a><\/div><div class='avia-slideshow-dots avia-slideshow-controls'><a href='#1' class='goto-slide active' >1<\/a><a href='#2' class='goto-slide ' >2<\/a><a href='#3' class='goto-slide ' >3<\/a><\/div><\/div><\/div><div id='after_full_slider_1'  class='main_color av_default_container_wrap container_wrap sidebar_right'  ><div class='container av-section-cont-open' ><div class='template-page content  av-content-small alpha units'><div class='post-entry post-entry-type-page post-entry-2722'><div class='entry-content-wrapper clearfix'>\n\n<style type=\"text\/css\" data-created_by=\"avia_inline_auto\" id=\"style-css-av-8yna8y-1795db0ab572f0b191691f5ac9a504be\">\n#top .hr.hr-invisible.av-8yna8y-1795db0ab572f0b191691f5ac9a504be{\nheight:50px;\n}\n<\/style>\n<div  class='hr av-8yna8y-1795db0ab572f0b191691f5ac9a504be hr-invisible  avia-builder-el-1  el_after_av_slideshow_full  el_before_av_one_full  avia-builder-el-first '><span class='hr-inner '><span class=\"hr-inner-style\"><\/span><\/span><\/div>\n\n<style type=\"text\/css\" data-created_by=\"avia_inline_auto\" id=\"style-css-av-84b19e-c2aec719bdb4d7fbaba4e02e7475266c\">\n.flex_column.av-84b19e-c2aec719bdb4d7fbaba4e02e7475266c{\nborder-radius:0px 0px 0px 0px;\npadding:0px 0px 0px 0px;\n}\n<\/style>\n<div  class='flex_column av-84b19e-c2aec719bdb4d7fbaba4e02e7475266c av_one_full  avia-builder-el-2  el_after_av_hr  avia-builder-el-last  first flex_column_div av-zero-column-padding  '     ><p>\n<style type=\"text\/css\" data-created_by=\"avia_inline_auto\" id=\"style-css-av-av_heading-4d6e16587de03333b2c6d8b248fbd7c3\">\n#top .av-special-heading.av-av_heading-4d6e16587de03333b2c6d8b248fbd7c3{\npadding-bottom:10px;\n}\nbody .av-special-heading.av-av_heading-4d6e16587de03333b2c6d8b248fbd7c3 .av-special-heading-tag .heading-char{\nfont-size:25px;\n}\n.av-special-heading.av-av_heading-4d6e16587de03333b2c6d8b248fbd7c3 .av-subheading{\nfont-size:15px;\n}\n<\/style>\n<div  class='av-special-heading av-av_heading-4d6e16587de03333b2c6d8b248fbd7c3 av-special-heading-h2 blockquote modern-quote modern-centered  avia-builder-el-3  el_before_av_hr  avia-builder-el-first '><h2 class='av-special-heading-tag '  itemprop=\"headline\"  >das sind wir<\/h2><div class=\"special-heading-border\"><div class=\"special-heading-inner-border\"><\/div><\/div><\/div><br \/>\n\n<style type=\"text\/css\" data-created_by=\"avia_inline_auto\" id=\"style-css-av-4hlqtu-bad8088559d51f1c66f9d62c4c13e808\">\n#top .hr.hr-invisible.av-4hlqtu-bad8088559d51f1c66f9d62c4c13e808{\nheight:50px;\n}\n<\/style>\n<div  class='hr av-4hlqtu-bad8088559d51f1c66f9d62c4c13e808 hr-invisible  avia-builder-el-4  el_after_av_heading  el_before_av_textblock '><span class='hr-inner '><span class=\"hr-inner-style\"><\/span><\/span><\/div><br \/>\n<section  class='av_textblock_section av-b2i8i-a4ce953694c64df742bdae2e25ae2d89 '   itemscope=\"itemscope\" itemtype=\"https:\/\/schema.org\/CreativeWork\" ><div class='avia_textblock'  itemprop=\"text\" ><p>Wir, das sind mein Mann Matthias und ich, Bettina Krist, leben mit unseren f\u00fcnf Golden Retrievern am Stadtrand von Leipzig.<\/p>\n<p>Seit meiner Kindheit nehmen Tiere eine gro\u00dfen Platz in meinem Leben ein. Als Kind durfte ich verschiedene Haustiere halten, vom Wellensittich \u00fcber Katzen und Kaninchen.<\/p>\n<p>Doch erst im Jahr 2000 erf\u00fcllte sich mein gr\u00f6\u00dfter Traum, einen eigenen Hund zu halten, ihn auszubilden und mit ihm zu arbeiten &#8211; der Golden Retriever \u201eGolychane&#8217;s Animated Brisco\u201c zog bei uns ein.<\/p>\n<p>Mit ihm habe ich sehr viel \u00fcber Hunde gelernt. Die Arbeit mit Hunden bestimmt heute mein Leben und ich k\u00f6nnte es mir nie anders mehr vorstellen. Es ist f\u00fcr mich eine Bereicherung in jeglicher Hinsicht.<\/p>\n<p>Ich habe ein habe ein Studium der Tierpsychologie abgeschlossen, arbeite seit 2001 als Hundetrainer und f\u00fchre seit 2008 hauptberuflich als Hundetrainer &#8211; zusammen mit einem tollen Trainerteam &#8211; mein Hundezentrum auf unserem eigenen Hundeplatz.<\/p>\n<p>Die Rasse Golden Retriever hat mich in ihren Bann gezogen und so z\u00fcchte ich seit 2008 im Deutschen Retriever Club (DRC). Die Zucht haben wir mit unserer H\u00fcndin \u201eGolychane&#8217;s Dream Maggy Sue\u201c aufgebaut.<\/p>\n<p>Seitdem habe ich 14 W\u00fcrfe grossgezogen und bin sehr gl\u00fccklich \u00fcber die tollen Kontakte zu vielen der neuen Welpeneltern!<\/p>\n<p>In der Zucht werde ich von meiner Tochter Beatrice und meinem Mann unterst\u00fctzt, denen ich daf\u00fcr von Herzen dankbar bin.<\/p>\n<p>Unsere Hunde sind seit Anfang 2018 als Besuchshunde in umliegenden Pflege-, Senioren- und Behindertenheimen zu Gast.<\/p>\n<p>Sie sind haupts\u00e4chlich dazu da, um Freude und Abwechslung in den Heimalltag zu bringen. Die Bewohner d\u00fcrfen die Hunde streicheln, auch mal k\u00e4mmen oder sich einfach an ihrer Anwesenheit erfreuen. Die Hunde zeigen in kleinen Choreographien ihr K\u00f6nnen. Sie machen Tricks, Apportier- und Gehorsamsaufgabenaufgaben. \u00a0Wir versuchen mit Reifen, H\u00fcrden und verschieden Spielgegenst\u00e4nden die Motorik der Bewohner zu f\u00f6rdern indem wir sie bei der Arbeit mit den Hunden mit einbeziehen. Der Besuch der Hunde st\u00f6\u00dft auf unglaublich viel Interesse und Freude bei den \u00e4lteren Menschen und ist zeitweilig sehr emotional.<\/p>\n<p>Einige unserer Nachzuchthunde sind zu hervorragenden Therapie-, Rettungs-, Man Trail-, \u00a0Diabetikerwarn- und Assistenzhunden ausgebildet wurden.<\/p>\n<p>Es macht unglaublich stolz, dass wir mit unserer Zucht einen kleinen Beitrag zur Verbesserung der Lebensqualit\u00e4t einiger Menschen und Familien leisten konnten und hoffentlich noch werden.<\/p>\n<p>Ich w\u00fcnsche Ihnen viel Spass beim St\u00f6bern auf unserer Webseite und &#8211; falls Sie \u00fcberlegen, einem Sweet lucky Charm Welpen ein liebevolles Zuhause zu geben &#8211; freue ich mich auf Ihre Kontaktaufnahme!<\/p>\n<p>Ihre Bettina Krist<\/p>\n<\/div><\/section><\/p><\/div>\n","protected":false},"excerpt":{"rendered":"","protected":false},"author":1,"featured_media":0,"parent":0,"menu_order":0,"comment_status":"closed","ping_status":"closed","template":"","meta":{"footnotes":""},"class_list":["post-2722","page","type-page","status-publish","hentry"],"_links":{"self":[{"href":"https:\/\/www.golden-bettinakrist.de\/cms\/wp-json\/wp\/v2\/pages\/2722","targetHints":{"allow":["GET"]}}],"collection":[{"href":"https:\/\/www.golden-bettinakrist.de\/cms\/wp-json\/wp\/v2\/pages"}],"about":[{"href":"https:\/\/www.golden-bettinakrist.de\/cms\/wp-json\/wp\/v2\/types\/page"}],"author":[{"embeddable":true,"href":"https:\/\/www.golden-bettinakrist.de\/cms\/wp-json\/wp\/v2\/users\/1"}],"replies":[{"embeddable":true,"href":"https:\/\/www.golden-bettinakrist.de\/cms\/wp-json\/wp\/v2\/comments?post=2722"}],"version-history":[{"count":7,"href":"https:\/\/www.golden-bettinakrist.de\/cms\/wp-json\/wp\/v2\/pages\/2722\/revisions"}],"predecessor-version":[{"id":3795,"href":"https:\/\/www.golden-bettinakrist.de\/cms\/wp-json\/wp\/v2\/pages\/2722\/revisions\/3795"}],"wp:attachment":[{"href":"https:\/\/www.golden-bettinakrist.de\/cms\/wp-json\/wp\/v2\/media?parent=2722"}],"curies":[{"name":"wp","href":"https:\/\/api.w.org\/{rel}","templated":true}]}}